 n(-82).
471
Let f(i) = -i**3 - 19*i**2 + 247*i + 4695. Give f(-19).
2
Let y(i) = i**2 - 118*i + 3326. What is y(61)?
-151
Let r(q) = 66*q**2 + 10240*q + 1552. Determine r(-155).
2
Let w(a) = 40*a**2 + 542*a + 4676. Give w(-8).
2900
Let v(b) = -67582*b - 608256. Calculate v(-9).
-18
Let j(k) = -3*k**2 + 182*k - 3564. Determine j(46).
-1540
Let s(p) = -7*p**2 + 260*p + 2543. Give s(36).
2831
Let j(g) = g**2 - 1186*g - 33241. What is j(-27)?
-490
Let f(a) = -25*a**2 + 154*a - 455. Determine f(5).
-310
Let d(a) = -9042*a + 370626. What is d(41)?
-96
Let i(f) = 341*f - 15359. Determine i(45).
-14
Let j(q) = 1348*q**2 - 12151*q + 17. Give j(9).
-154
Let y(m) = 2*m**2 + 15168*m + 558472. Give y(-37).
-6
Let r(q) = 1654218*q - 23159054. Calculate r(14).
-2
Let i(k) = -75996*k + 75976. What is i(1)?
-20
Let l(a) = -a**3 - 20*a**2 - 27*a + 181. Give l(-18).
19
Let o(s) = -4*s**2 - 707*s - 24337. Calculate o(-130).
-27
Let j(r) = 2*r**3 + 126*r**2 - 115*r + 1335. Determine j(-64).
503
Let m(p) = -3*p**3 - 790*p**2 - 1824*p + 703. Calculate m(-261).
-80
Let z(b) = 6*b**2 + 483*b + 2623. Determine z(-73).
-662
Let b(t) = -t**2 + 23055*t + 276813. What is b(-12)?
9
Let r(d) = -d**3 + 752*d**2 - 86619*d - 612. Give r(610).
-2
Let t(s) = s**3 + 13*s**2 + 120*s + 1278. What is t(-12)?
-18
Let p(h) = -5*h**3 + 30*h**2 + 8*h - 223. Give p(4).
-31
Let x(c) = -217*c**2 + 693*c - 86. Determine x(3).
40
Let p(i) = 684*i - 137432. What is p(201)?
52
Let a(g) = 2*g**2 - 22922*g - 160421. Calculate a(-7).
131
Let i(d) = d**3 - 90*d**2 - 150*d - 3217. Give i(92).
-89
Let o(x) = -x**3 - 10*x**2 + 127443*x - 6695. What is o(352)?
-7
Let v(t) = 10*t**2 - 22718*t - 113843. Give v(-5).
-3
Let h(n) = -13*n**2 + 3766*n + 12135. Determine h(293).
-464
Let b(z) = -4*z**3 - 34*z**2 + 12*z + 99. Calculate b(-9).
153
Let c(o) = -o**3 + 8*o**2 - o - 463. Give c(0).
-463
Let z(o) = 4*o**2 - 1343*o + 13019. What is z(10)?
-11
Let t(i) = -13*i**2 - 1253*i - 7468. What is t(-90)?
2
Let v(s) = -133*s**2 - 804*s + 10. Give v(-7).
-879
Let n(i) = 3*i**2 - 376*i + 4062. Calculate n(12).
-18
Let w(v) = 1369*v + 5702. Determine w(-4).
226
Let o(l) = 2*l**2 + 52*l + 126. Determine o(-6).
-114
Let n(l) = 5*l**3 + 7*l**2 + 141*l - 276. Determine n(2).
74
Let t(o) = -o**2 - 2860*o + 34464. Calculate t(12).
0
Let q(u) = -u**2 + 333*u - 10925. Determine q(296).
27
Let z(o) = 7782*o + 2669224. What is z(-343)?
-2
Let i(t) = 3*t**3 - 73*t**2 + 191*t + 136. Give i(21).
-263
Let y(v) = 2*v**2 - 1175*v + 172463. Give y(286).
5
Let l(b) = -38*b**3 + 6*b**2 - 4*b + 4. What is l(1)?
-32
Let o(g) = 139607*g - 52352625. Give o(375).
0
Let v(g) = -166*g - 14616. What is v(-88)?
-8
Let r(n) = -970088*n + 2910266. Calculate r(3).
2
Let j(s) = -870*s - 44301. Determine j(-51).
69
Let x(u) = -2*u**3 - 19*u**2 + 5*u + 11. What is x(-8)?
-221
Let n(a) = -386995*a + 2321944. What is n(6)?
-26
Let u(y) = y**2 + 99*y + 1505. Give u(-73).
-393
Let g(n) = -9*n**3 + 1208*n**2 - 269*n + 453. Determine g(134).
319
Let c(d) = -46*d**2 - 6763*d - 113. Give c(-147).
34
Let t(d) = 3*d**2 + 331*d + 2219. Give t(-7).
49
Let r(y) = 3697*y**2 - 70237*y - 106. Calculate r(19).
8
Let r(j) = 2599*j - 10535. Give r(4).
-139
Let f(r) = -24*r - 1714. Give f(-52).
-466
Let z(q) = -60*q**2 - 390*q - 183. What is z(-6)?
-3
Let k(y) = y**3 + 96*y**2 - 961*y - 1670. Calculate k(-105).
10
Let u(z) = -2*z**3 - 82*z**2 + 57*z + 2356. Calculate u(-41).
19
Let d(t) = -8*t**3 + 4*t**2 + 14*t + 34. Calculate d(-4).
554
Let k(q) = 14416*q - 1974990. Determine k(137).
2
Let w(h) = -20*h**2 + 1398*h + 1512. Calculate w(71).
-50
Let x(h) = -5*h**3 + 13*h**2 + 169684*h - 509048. Determine x(3).
-14
Let n(u) = -8613*u - 25831. Calculate n(-3).
8
Let q(f) = -3*f**3 + 5*f**2 + 2*f + 43. Calculate q(4).
-61
Let w(g) = 1673*g + 13464. Determine w(-8).
80
Let c(p) = 54*p + 3961. Give c(-74).
-35
Let l(p) = 2*p**2 + 3049*p + 12177. Give l(-4).
13
Let w(s) = -781*s + 125821. Calculate w(161).
80
Let j(w) = 172*w + 42919. What is j(-250)?
-81
Let q(r) = r**3 - 290*r**2 + 3994*r - 1815. What is q(14)?
5
Let m(d) = 44169*d + 132498. What is m(-3)?
-9
Let z(x) = -89*x + 2638. Give z(38).
-744
Let a(k) = k**3 + 5*k**2 - 3654*k - 53. Give a(58).
-53
Let d(r) = 3*r**3 - 4*r**2 + 7*r + 74. Calculate d(-5).
-436
Let r(o) = 354*o - 40110. Determine r(115).
600
Let x(s) = -2176*s - 128376. Calculate x(-59).
8
Let i(o) = 2803*o + 8315. What is i(-3)?
-94
Let i(b) = 3*b**2 - 539*b - 18830. What is i(-30)?
40
Let u(m) = 370*m**2 + 6331*m - 12. Determine u(-17).
-709
Let r(z) = 14598*z - 2292273. What is r(157)?
-387
Let m(i) = -8785*i - 316264. Determine m(-36).
-4
Let h(v) = v**2 + 368*v + 905. What is h(0)?
905
Let j(u) = 105*u + 485. Give j(-17).
-1300
Let o(j) = 634*j + 276472. Calculate o(-436).
48
Let z(s) = 9141*s + 237669. What is z(-26)?
3
Let q(d) = 2*d**2 - 19582*d + 1823038. Give q(94).
2
Let i(f) = -236*f**2 - 1240*f + 174. Give i(-5).
474
Let k(w) = w**3 + 23*w**2 + 153*w + 26. Calculate k(-10).
-204
Let h(r) = -r**2 + 51*r - 1762. What is h(22)?
-1124
Let y(u) = 15*u**2 - 213159*u + 426252. Calculate y(2).
-6
Let a(f) = -f**3 - 14*f**2 - 64*f - 156. Give a(-9).
15
Let a(i) = -2*i**3 - 252*i**2 - 1730*i - 34803. Calculate a(-120).
-3
Let k(n) = 47360*n + 284227. What is k(-6)?
67
Let d(h) = 9*h**2 + 356*h + 528. Give d(-38).
-4
Let j(b) = -b**3 - 6*b**2 - 122*b + 273. Give j(2).
-3
Let n(a) = -2*a**2 + 45630*a - 136878. Calculate n(3).
-6
Let b(q) = 9*q**2 + 995*q + 9774. Determine b(-10).
724
Let z(s) = -30*s**2 - 7172*s - 487. Determine z(-239).
-9
Let p(x) = 1325*x - 11965. Determine p(9).
-40
Let t(j) = -86*j**2 + 2190*j + 334. Calculate t(26).
-862
Let q(l) = 23*l**2 + 22*l - 2934. What is q(11)?
91
Let q(l) = 423*l + 1428. Calculate q(-3).
159
Let f(r) = 14085*r - 1704298. Determine f(121).
-13
Let u(f) = f**2 + 1350*f + 18933. Calculate u(-15).
-1092
Let h(p) = p**3 + 586*p**2 + 67351*p - 307. Calculate h(-157).
7
Let p(w) = -1124*w**3 + 42*w**2 - 40*w - 1. What is p(1)?
-1123
Let t(m) = -m**3 + 24*m**2 + 810*m + 221. Give t(43).
-80
Let x(l) = -2*l**2 + 116*l - 470. What is x(56)?
-246
Let p(s) = 4*s**2 + 46*s - 218. Give p(-7).
-344
Let w(d) = -40*d + 5177. Calculate w(131).
-63
Let w(z) = -2*z**3 + 108*z**2 - 61*z - 2382. Determine w(53).
3
Let j(c) = c**3 - 40*c**2 + 11*c - 433. What is j(40)?
7
Let z(n) = -89*n - 3457. Determine z(-45).
548
Let h(d) = -42*d**3 - 252*d**2 + 11*d + 42. Calculate h(-6).
-24
Let x(w) = w**3 + 58*w**2 + 649*w + 92. Determine x(-20).
2312
Let a(n) = -22194*n + 310710. Determine a(14).
-6
Let l(b) = 3*b**3 + 539*b**2 - 732*b - 1520. Determine l(-181).
-72
Let b(o) = -1156*o + 51704. Give b(45).
-316
Let n(k) = -22484*k - 854391. Calculate n(-38).
1
Let d(k) = -78*k + 3964. Give d(71).
-1574
Let x(c) = -61*c + 3524. Determine x(58).
-14
Let o(n) = 36*n**2 - 3223*n - 1554. Calculate o(90).
-24
Let i(r) = 61*r**2 + 369*r + 7. Give i(-7).
413
Let f(h) = 942709*h - 72588597. Determine f(77).
-4
Let l(h) = -31*h**2 + 2792*h + 8464. What is l(93)?
1
Let s(w) = 94663*w - 4638496. Give s(49).
-9
Let j(x) = -21*x**2 + 466*x - 1903. What is j(4)?
-375
Let w(b) = -8*b**2 - 366*b - 1852. Calculate w(-5).
-222
Let f(q) = q**2 + 41*q - 6053. What is f(60)?
7
Let r(q) = q**3 + 30*q**2 - 637*q - 1261. What is r(-44)?
-337
Let o(g) = g**3 - 66*g**2 - 756*g - 115. What is o(-10)?
-155
Let n(s) = -350*s - 57528. What is n(-154)?
-3628
Let r(l) = -98*l - 3869. Determine r(-14).
-2497
Let h(w) = -28439*w + 9242686. Determine h(325).
11
Let c(g) = g**3 - 2*g**2 + 1006*g - 2020. Calculate c(2).
-8
Let x(t) = 260*t**2 + 47320*t - 380. What is x(-182)?
-380
Let m(z) = -z**2 + 24*z + 1079. Determine m(-23).
-2
Let i(l) = l**3 + 42*l**2 + 109*l + 8864. Determine i(-44).
196
Let v(g) = 2*g**3 - 8*g**2 + 25*g - 129. Determine v(6).
165
Let f(i) = -i**2 - 8850*i - 1518104. Determine f(-175).
21
Let c(b) = 95*b - 7957. Determine c(79).
-452
Let h(s) = s**3 + 13*s**2 + 1528*s + 7431. Calculate h(-5).
-9
Let t(m) = -m**3 - 5*m**2 + 22*m - 218. What is t(9)?
-1154
Let x(v) = -11725*v + 21034652. What is x(1794)?
2
Let z(q) = -83656*q - 334653. Calculate z(-4).
-29
Let p(d) = -7948*d**2 + 71600*d - 13. Determine p(9).
599
Let d(m) = 1065*m + 56423. Giv